2 - 47*m + 2. Give u(-3).
-4
Suppose 24 = -2*r + 6. Let w = -14 - r. Let s(d) = d**3 - d**2 - d. Let t(c) = 6*c**3 - c**2 - 11*c - 7. Let b(j) = -5*s(j) + t(j). Calculate b(w).
-2
Let d(u) = 2*u - 3. Let t be 10/(-4)*(-36)/45. Suppose -5*k = 5, 2*k - 1 - t = g. Calculate d(g).
-13
Let w(z) = z**3 + 7*z**2 + z - 1. Let c(i) = -3*i**3 - 21*i**2 - 4*i + 4. Let a(o) = 4*c(o) + 11*w(o). Give a(-6).
-1
Suppose 5*l + 4 = 9. Let m(p) be the second derivative of -3/4*p**4 - 1/2*p**2 + 0 + 0*p**3 + 3*p. Calculate m(l).
-10
Let h(p) = -2*p + 7. Let d(o) be the second derivative of -o**3/3 + 3*o**2 - 4*o. Let a(t) = -6*d(t) + 5*h(t). Give a(3).
5
Let t(l) be the second derivative of l**4/4 + l**3/2 + l**2/2 + l. Let s(u) = u**3 + 4*u**2 - 5*u + 4. Let n be s(-5). Let m = n + -6. Determine t(m).
7
Suppose 6 = -2*g - 2*k, 4 = -3*k - 8. Let c be 2 + -1*(g + -2). Let q(y) = 3*y + 1 - 2*y - 1. What is q(c)?
3
Let m(y) = y**3 - y**2 + 1. Let j(d) = -4*d**3 + 5*d**2 - 5. Suppose -2*r + 0*r = 6. Let g = 2 + r. Let h(w) = g*j(w) - 5*m(w). What is h(1)?
-1
Suppose 4*t - 10 = -h - h, 5*t - 10 = 0. Let z(i) = 2*i**2 - i**2 + h - 2*i - i. What is z(3)?
1
Suppose -6*h - 7 - 11 = 0. Let o(y) = y + 4. What is o(h)?
1
Suppose -2*b = b + 12. Let a(j) = j**3 + 6*j**2 + 6*j + 2. Determine a(b).
10
Let p(m) = -2*m + 1. Let q be p(2). Let a(t) = -t**2 - 3*t + 2. Let u be a(q). Let o(z) = -4*z**3 + 5*z**3 + z**u + 8*z**3. Calculate o(-1).
-8
Suppose 2*a = 3*a + 2. Let w(l) = 7*l**2 - 19*l + 14. Let o(d) = -13*d**2 + 35*d - 26. Let u(i) = 6*o(i) + 11*w(i). Determine u(a).
-8
Let j(l) be the first derivative of -5*l**2/2 - 5*l - 3. Let m(a) = -9*a - 11. Let c(t) = -11*j(t) + 6*m(t). Determine c(6).
-5
Let s be ((-16)/24)/(2/(-3)*-1). Let q(d) = d + 1. What is q(s)?
0
Let c(a) be the third derivative of -a**4/24 + 2*a**3/3 + 25*a**2. Determine c(9).
-5
Suppose 0*v = 3*v - 18. Suppose 0 = 3*g - 3 + v. Let m(y) = 2*y. Calculate m(g).
-2
Let m be (-86)/(-3) + (-4)/6. Suppose 2*y + m = 2*g, -8 - 12 = -g - 5*y. Suppose -w - g = -6*w. Let p(t) = -t**2 + 4*t + 1. Calculate p(w).
4
Suppose 2*n + 11 = -1. Let w = n + 3. Let b(m) = 5*m**2 + 16*m - 21. Let s(o) = -o**2 - 3*o + 4. Let u(p) = -4*b(p) - 22*s(p). Determine u(w).
8
Let b(o) = o**2 - 5*o - 1. Let l be b(6). Let h(c) = -2*c**3 - 5*c**2 - 2*c + 3*c**3 + 4 + 0*c**2 + 0*c**2. Give h(l).
-6
Let z be 1/(-2)*2/1. Let r(u) be the first derivative of u**6/72 - u**4/24 - u**3/3 - 2. Let m(g) be the third derivative of r(g). Determine m(z).
4
Let i(k) = -k**2 - 5*k - 6. Suppose 0 = 8*y - 7*y + 14. Let t = y + 9. What is i(t)?
-6
Let f be (-16)/2*1/(-1). Suppose f*l + 5 = 3*l. Let k(n) = -8*n. What is k(l)?
8
Let g(r) = r - 1. Let l = -27 - -28. Calculate g(l).
0
Let t(f) = 11*f - 4. Let x(j) = 1. Let b(s) = t(s) + 5*x(s). Suppose -l + 4*q = -0*l + 5, -3 = 5*l + 2*q. Give b(l).
-10
Let a be -1*12/2 + 1. Let i(h) be the second derivative of -1/6*h**3 + 0 - h - 1/2*h**2. What is i(a)?
4
Suppose -4*w + c = 19, 0 = -4*c + 6 + 6. Let a(n) = -n + 1. Let j(t) = 6*t + 1. Let g(l) = 3*a(l) + j(l). Determine g(w).
-8
Let b(f) = 7*f**2 + 9*f - 15. Let g(r) = -4*r**2 - 4*r + 8. Suppose t - 4 + 1 = 0. Let s(u) = t*b(u) + 5*g(u). Give s(-7).
-5
Let j(k) = 3*k - 3. Suppose 0 = -6*z + 2*z + 4*y + 24, -5*z + 2*y + 45 = 0. Suppose 4*t + 1 + z = 0. Calculate j(t).
-12
Let b(r) = -r**3 + 9*r**2 - 8*r. Let d = -14 + 22. What is b(d)?
0
Let l(a) be the first derivative of a**2 - 2*a - 8. Determine l(-8).
-18
Suppose 0 = -4*t + 10 + 26. Let l be 33/t + 4/(-6). Suppose -5*d - w + 13 = l*w, -3 = -d - w. Let b(v) = -v**2 - 1. Determine b(d).
-2
Let v(r) = r**3 - 4*r**2 - 7*r + 5. Let x(w) = -w**2 - 4*w + 4. Let c(o) = o**2 - 6*o + 1. Let n be c(5). Let m be x(n). Suppose -m*p = -0*p - 20. What is v(p)?
-5
Suppose 3*t = -15, -2*g + 4*t + 80 = 3*g. Suppose -3*j - g = 3. Let p(b) be the second derivative of -b**3/6 - 7*b**2/2 + 2*b. Determine p(j).
-2
Let u(v) = -3*v**2 + 2*v + 4. Let d(g) = -8*g**2 + 6*g + 11. Let p(c) = 4*d(c) - 11*u(c). Calculate p(-2).
0
Let r(d) be the first derivative of -d**3 + d**2/2 - 18. Let m be (-6)/9 - (-10)/6. Determine r(m).
-2
Let q(t) be the first derivative of t**2/2 - 35. Determine q(-4).
-4
Let u(s) = s**3 - 5*s**2 + 2*s - 5. Let v be u(5). Let d(l) = -l**3 + 4*l**2 + 7*l - 5. Give d(v).
5
Let q(x) be the second derivative of x**4/12 + x**3/2 + 3*x**2/2 - x. Let f = 8 - 2. Let w be ((-3)/(-9))/((-1)/f). Determine q(w).
1
Let t(z) be the second derivative of -z**4/12 - 3*z**3/2 - 3*z**2/2 + 6*z. Let q(c) = c**3 - 7*c**2 + 4*c + 6. Let k be q(6). Determine t(k).
15
Let k(i) = -i + 3. Let y be 2 - (-5)/(2 - 1). Suppose -3*c + y*c = 0. Suppose r + 6 = -2*n + 4*n, c = -3*r. Determine k(n).
0
Let d(o) = -4*o**2 - 1. Let m be d(-1). Let i(v) = v**3 + 8*v**2 - 9*v + 2. Let t be i(-9). Let z(g) = -4*g + 2 + g + t*g - 9. Give z(m).
-2
Let g(w) = 3*w**2 - w. Let o be 0/3*(-1)/1. Let r = -1 + o. Calculate g(r).
4
Let q(d) be the third derivative of 0*d + 1/24*d**4 + 0 - 1/3*d**3 - 2*d**2 - 1/120*d**6 - 1/60*d**5. Suppose 4*v = 5*v + 2. What is q(v)?
0
Let y(u) = 4 + 2*u**3 + 2*u**3 - 3*u**3 + 4*u + 4*u**2 - 3*u. Calculate y(-4).
0
Let q = 6 - 6. Let c(l) = -l**3 + l - 12. Calculate c(q).
-12
Suppose -2*n + 4 = -0. Let f(o) = -6*o**2 - 3*o - 4 + 5*o + n*o + o**3 + o. Suppose -3*p = -0*p - 15. What is f(p)?
-4
Let r(b) = 5 - 16*b - 2 + 13*b + b**2. Determine r(3).
3
Let y(n) = n**2 + 6*n + 1. Let r be y(-6). Let a(i) = -2*i + 7*i + 2*i. What is a(r)?
7
Suppose 5*k = a + 3 - 33, 0 = 5*a. Let w(r) = 6*r + 6. Let u(f) = -5*f - 6. Let j(x) = 5*u(x) + 4*w(x). What is j(k)?
0
Let l(r) = -r - 3. Let p(i) be the third derivative of i**4/24 + i**3/6 - 2*i**2. Let b(y) = 3*l(y) + 6*p(y). Let f be -3 - (-4 + 1 + -3). What is b(f)?
6
Let u(z) = 11*z + 1. Let i(n) = -12*n - 1. Let q(d) = 6*i(d) + 7*u(d). Determine q(-2).
-9
Let m(g) = -3*g + 1. Suppose 0 = -2*d + 3*d. Suppose -3*h + d*h = 3. Let c = h - 0. Give m(c).
4
Suppose -5 = -6*i + i. Let p(d) = 3*d - 4*d + 4*d. Give p(i).
3
Let a(u) = -u**3 + 6*u**2 - 8*u - 5. Let y(l) be the first derivative of l**4/4 - 2*l**3 + 7*l**2/2 + 5*l + 6. Let z(x) = 2*a(x) + 3*y(x). Determine z(5).
5
Let p(g) be the second derivative of g**3/6 + 6*g**2 - 6*g. Determine p(-9).
3
Let y(p) be the first derivative of -3 + p**2 + 1/6*p**3 - 3*p. Let g(f) be the first derivative of y(f). Determine g(2).
4
Let l be 40/(-16) - (-2)/(-4). Let u(o) = 5*o**3 + 5 - 2*o**2 - 2*o - 6*o**2 - 3*o. Let b(v) = -v**3 + v**2 + v - 1. Let f(y) = 6*b(y) + u(y). Give f(l).
5
Let j be (-18)/(-8) - (-1)/(-4). Suppose 2 + 0 = -j*l - 2*r, 3*r + 9 = 3*l. Let f(u) = -3*u**3 + 2*u**2 + 5*u**3 + 1 - 7*u**3 + u - 3*u. Determine f(l).
-4
Suppose 0 = -7*k - 9 + 30. Let c(x) = x**2 + 12*x**3 + 0*x**3 + k*x - 4*x. Calculate c(1).
12
Suppose -104*j = -107*j - 12. Let p(x) = -x**2 - 4*x - 4. What is p(j)?
-4
Suppose 2*h + 4 = 6*h. Suppose -h = 3*v - 16. Let l(j) = -j - j**3 + 0*j**3 - 3*j + 4 + v*j**2. Determine l(4).
4
Let r(m) = -m**2 - 2*m - 8. Suppose -f + 5 = 6. Let j(u) = u**2 + 1. Let o(x) = f*r(x) - 2*j(x). Determine o(5).
-9
Let u(t) be the first derivative of -t**2/2 - 4. Determine u(-3).
3
Suppose -3*h + 20 - 8 = 0. Suppose -2*x = -h*x + 12. Let m(z) = z**2 - 5*z - 7. Give m(x).
-1
Let x(u) = 2*u**3 - 2*u**2 + u - 2. Let c be -10 - -11 - (0 - (-2 + 3)). Determine x(c).
8
Let m(h) = h**3 - h**2 - 2. Let i be m(0). Let t be (1 - -2) + 1 + i. Suppose t = -2*d - 2. Let j(o) = -o + 2. Give j(d).
4
Let p(g) be the second derivative of -g**3/6 + 5*g**2/2 + 2*g + 168. Suppose 3*n - 2*n + k - 7 = 0, 5*n + 4*k = 37. Give p(n).
-4
Let u(h) = h**3 - 4*h**2 + 2*h. Let y = 39 - 36. Give u(y).
-3
Let r(i) = -i**2 + 4*i. Let d = -61 + 65. Determine r(d).
0
Let i(t) = t + 6. Let o(b) = -b**2 + 2. Let r be o(-3). What is i(r)?
-1
Let d(a) = -39 - 45 + a + 82. Suppose 3*h - 2*h + 3 = 0. Give d(h).
-5
Let v(k) be the second derivative of k**4/24 + 4*k**3/3 + 2*k**2 + 6*k. Let y(i) be the first derivative of v(i). Determine y(-7).
1
Let x(j) be the third derivative of j**4/12 - j**3/3 + 2*j**2. Let w(m) = -m**2 + 13*m - 15. Let z be w(12). Give x(z).
-8
Let f(m) be the second derivative of -9/2*m**2 + 7*m + 0 + 1/6*m**3. Determine f(0).
-9
Let z = -38 - -36. Let s(y) 